ten thousands digit of 17692?
1
What is the units digit of 612?
2
What is the hundreds digit of 8742?
7
What is the hundreds digit of 61147?
1
What is the tens digit of 45834?
3
What is the units digit of 1190?
0
What is the ten thousands digit of 129053?
2
What is the units digit of 68?
8
What is the units digit of 1854?
4
What is the hundreds digit of 613?
6
What is the tens digit of 22215?
1
What is the tens digit of 1265?
6
What is the thousands digit of 35137?
5
What is the units digit of 8560?
0
What is the ten thousands digit of 120709?
2
What is the hundreds digit of 17031?
0
What is the thousands digit of 1907?
1
What is the units digit of 2444?
4
What is the units digit of 42992?
2
What is the ten thousands digit of 128330?
2
What is the hundreds digit of 42013?
0
What is the thousands digit of 3221?
3
What is the units digit of 605?
5
What is the tens digit of 1032?
3
What is the tens digit of 19654?
5
What is the hundreds digit of 21382?
3
What is the units digit of 45?
5
What is the tens digit of 3639?
3
What is the tens digit of 57549?
4
What is the units digit of 271?
1
What is the hundreds digit of 1958?
9
What is the thousands digit of 111623?
1
What is the units digit of 28265?
5
What is the units digit of 683?
3
What is the tens digit of 113761?
6
What is the units digit of 1147?
7
What is the ten thousands digit of 11957?
1
What is the thousands digit of 106797?
6
What is the units digit of 637?
7
What is the units digit of 310?
0
What is the units digit of 967?
7
What is the units digit of 4727?
7
What is the units digit of 18?
8
What is the units digit of 41689?
9
What is the thousands digit of 19369?
9
What is the units digit of 14893?
3
What is the thousands digit of 2304?
2
What is the tens digit of 133?
3
What is the hundreds digit of 11916?
9
What is the units digit of 16585?
5
What is the hundred thousands digit of 180052?
1
What is the units digit of 12348?
8
What is the units digit of 23?
3
What is the hundreds digit of 1825?
8
What is the tens digit of 61393?
9
What is the hundreds digit of 1085?
0
What is the tens digit of 1774?
7
What is the thousands digit of 106737?
6
What is the units digit of 407?
7
What is the units digit of 8580?
0
What is the units digit of 2439?
9
What is the units digit of 30853?
3
What is the hundreds digit of 1350?
3
What is the units digit of 33?
3
What is the units digit of 13325?
5
What is the units digit of 2705?
5
What is the thousands digit of 16102?
6
What is the thousands digit of 3119?
3
What is the thousands digit of 5161?
5
What is the units digit of 31893?
3
What is the thousands digit of 141610?
1
What is the hundreds digit of 137146?
1
What is the hundreds digit of 438?
4
What is the hundreds digit of 3136?
1
What is the tens digit of 64857?
5
What is the tens digit of 2419?
1
What is the thousands digit of 1271?
1
What is the units digit of 8628?
8
What is the thousands digit of 6865?
6
What is the ten thousands digit of 114117?
1
What is the ten thousands digit of 23319?
2
What is the tens digit of 883?
8
What is the hundreds digit of 4574?
5
What is the hundreds digit of 924?
9
What is the tens digit of 53060?
6
What is the thousands digit of 2591?
2
What is the units digit of 4462?
2
What is the units digit of 2564?
4
What is the hundreds digit of 1082?
0
What is the units digit of 899?
9
What is the hundreds digit of 8823?
8
What is the thousands digit of 21378?
1
What is the hundreds digit of 1010?
0
What is the tens digit of 1150?
5
What is the thousands digit of 1542?
1
What is the tens digit of 1611?
1
What is the tens digit of 1056?
5
What is the units digit of 26236?
6
What is the units digit of 38986?
6
What is the units digit of 11601?
1
What is the hundreds digit of 508?
5
What is the hundreds digit of 1170?
1
What is the tens digit of 267?
6
What is the hundreds digit of 14060?
0
What is the tens digit of 7619?
1
What is the tens digit of 235?
3
What is the tens digit of 21226?
2
What is the hundreds digit of 817?
8
What is the tens digit of 696?
9
What is the thousands digit of 40130?
0
What is the tens digit of 274?
7
What is the tens digit of 3579?
7
What is the units digit of 2402?
2
What is the ten thousands digit of 31425?
3
What is the thousands digit of 10084?
0
What is the units digit of 82?
2
What is the hundreds digit of 2358?
3
What is the tens digit of 15?
1
What is the units digit of 43025?
5
What is the hundreds digit of 2168?
1
What is the hundreds digit of 4610?
6
What is the hundreds digit of 1060?
0
What is the hundred thousands digit of 141263?
1
What is the thousands digit of 30770?
0
What is the thousands digit of 1113?
1
What is the tens digit of 22377?
7
What is the units digit of 2662?
2
What is the tens digit of 17882?
8
What is the tens digit of 3711?
1
What is the tens digit of 203?
0
What is the tens digit of 8880?
8
What is the tens digit of 2013?
1
What is the thousands digit of 120903?
0
What is the hundreds digit of 3922?
9
What is the tens digit of 1873?
7
What is the units digit of 5120?
0
What is the tens digit of 6788?
8
What is the thousands digit of 1320?
1
What is the thousands digit of 3376?
3
What is the hundreds digit of 46940?
9
What is the units digit of 48?
8
What is the tens digit of 9731?
3
What is the thousands digit of 1764?
1
What is the units digit of 17765?
5
What is the tens digit of 234?
3
What is the tens digit of 2879?
7
What is the hundreds digit of 660?
6
What is the units digit of 954?
4
What is the thousands digit of 3273?
3
What is the tens digit of 14933?
3
What is the tens digit of 997?
9
What is the tens digit of 151960?
6
What is the hundreds digit of 12785?
7
What is the units digit of 20254?
4
What is the tens digit of 3623?
2
What is the hundreds digit of 588?
5
What is the units digit of 6522?
2
What is the units digit of 535?
5
What is the hundreds digit of 11999?
9
What is the hundreds digit of 22225?
2
What is the thousands digit of 1922?
1
What is the hundreds digit of 1108?
1
What is the thousands digit of 4568?
4
What is the units digit of 55715?
5
What is the thousands digit of 1563?
1
What is the hundreds digit of 985?
9
What is the hundreds digit of 1253?
2
What is the thousands digit of 4019?
4
What is the tens digit of 26558?
5
What is the hundreds digit of 8931?
9
What is the units digit of 438?
8
What is the tens digit of 70585?
8
What is the units digit of 70496?
6
What is the thousands digit of 2694?
2
What is the ten thousands digit of 36846?
3
What is the hundreds digit of 758?
7
What is the tens digit of 43933?
3
What is the hundreds digit of 6158?
1
What is the ten thousands digit of 93306?
9
What is the hundreds digit of 36089?
0
What is the ten thousands digit of 27923?
2
What is the units digit of 936?
6
What is the thousands digit of 11584?
1
What is the ten thousands digit of 31006?
3
What is the thousands digit of 11499?
1
What is the hundreds digit of 552?
5
What is the units digit of 7174?
4
What is the thousands digit of 17191?
7
What is the tens digit of 7841?
4
What is the tens digit of 1194?
9
What is the tens digit of 7732?
3
What is the thousands digit of 1188?
1
What is the ten thousands digit of 27950?
2
What is the units digit of 15891?
1
What is the units digit of 1477?
7
What is the tens digit of 836?
3
What is the thousands digit of 5577?
5
What is the hundreds digit of 39031?
0
What is the units digit of 222?
2
What is the units digit of 342?
2
What is the hundreds digit of 1143?
1
What is the units digit of 2826?
6
What is the hundreds digit of 193?
1
What is the hundreds digit of 1332?
3
What is the hundreds digit of 563?
5
What is the hundreds digit of 811?
8
What is the tens digit of 8923?
2
What is the ten thousands digit of 25258?
2
What is the tens digit of 2323?
2
What is the ten thousands digit of 174291?
7
What is the hundreds digit of 69208?
2
What is the units digit of 3039?
9
What is the tens digit of 68320?
2
What is the units digit of 77?
7
What is the ten thousands digit of 40238?
4
What is the thousands digit of 1927?
1
What is the units digit of 2118?
8
What is the thousands digit of 11487?
1
What is the tens digit of 973?
7
What is the hundreds digit of 1042?
0
What is the units digit of 13?
3
What is the thousands digit of